*f + 198. Let a = f + m. List the prime factors of a.
2, 17
Let z be (-14)/(-6) + 16/(-48). Suppose z + 83 = 5*s. Suppose 2 = -2*l, 4*g - 5*l - 48 = s. What are the prime factors of g?
3, 5
Let b(n) = n**3 - 5*n**2 - 4*n - 12. Let d be b(6). Let g be 0*(d + 3/6). Suppose -5*z + g*z = -220. List the prime factors of z.
2, 11
Let u(z) = -z**2 - 17*z. Let p be u(-17). Let a = 3 - p. What are the prime factors of a?
3
Let w be 58/(-6)*(-1 - 2). Let l = 54 + w. What are the prime factors of l?
83
Suppose 0*c - 4*c + 410 = -2*p, -2*c + 203 = -3*p. What are the prime factors of c?
103
Let p be 15141/27 + 0 - 16/(-72). Suppose -p = 9*v - 12*v. What are the prime factors of v?
11, 17
Suppose 4*i + 2*i - 546 = 0. Let s = i + -61. List the prime factors of s.
2, 3, 5
What are the prime factors of (8/5)/(-3 - 24788/(-8260))?
2, 7, 59
Suppose -i + 42 = -4*h - 246, -4*i + h = -1122. List the prime factors of i.
2, 5, 7
Let p = 56 - 98. Let b = 10 - p. List the prime factors of b.
2, 13
Suppose -4 = -3*x + 2. Suppose 0 = 5*t - 5*a - 90, t - x*t - 4*a + 28 = 0. List the prime factors of (-64)/(-10)*t/8.
2
Suppose -938 = -8*d - 4026. Let t = 655 + d. List the prime factors of t.
269
Let x(t) = 3*t - 15. Let m be x(-7). Let i = 94 + m. List the prime factors of i.
2, 29
Suppose -898 = -3*m + 2*j, -24*m - 1505 = -29*m + 5*j. List the prime factors of m.
2, 37
Let b(v) = -131*v - 40. What are the prime factors of b(-4)?
2, 11
Let d(w) = 6*w**3 - 14*w**2 + 10*w - 68. What are the prime factors of d(7)?
2, 3, 229
Let a(d) = 2*d - 17. Let s(k) = 5*k - 50. Let x(o) = -17*a(o) + 6*s(o). Suppose 2*g + 10 = -8. List the prime factors of x(g).
5
What are the prime factors of 13/((-325)/540)*-10?
2, 3
Let w be (-1 - (-4 + 4)) + 9. List the prime factors of (-1768)/(-32) + (-2)/w.
5, 11
Let q(s) be the first derivative of 7*s**3/3 + 5*s**2/2 + 5*s - 9. What are the prime factors of q(-3)?
53
Let m(q) = 0 + 4 - 3 - 312*q + 1. List the prime factors of m(-1).
2, 157
Let o be -4 + (5 - (2 + 0)). Let y = o - -2. What are the prime factors of (-12)/(-1)*1/y?
2, 3
Let k = 43 + 198. Let o = 427 - k. List the prime factors of o.
2, 3, 31
Let n = -179 - -785. What are the prime factors of n?
2, 3, 101
Let d(q) = q**3 + 19*q**2 + 8*q - 11. List the prime factors of d(-17).
431
Suppose -26*j + 3*u = -25*j - 511, -2*u = -8. What are the prime factors of j?
523
Suppose 2*a - 4*r + 2*r = 1530, 1538 = 2*a + 2*r. List the prime factors of a.
13, 59
Let p be -8 + 6 + 3 + -6. Let a = 22 + -9. Let o = a - p. List the prime factors of o.
2, 3
Let h(w) = 4*w**2 - 2*w - 176. What are the prime factors of h(-11)?
2, 3, 5, 11
Let q be 3 - 3/(6/(-4)). Suppose -q*v + 342 = v. List the prime factors of v.
3, 19
Suppose -16 = 2*d - 12. Let a(q) = -q**3 + 4*q**2 - q + 4. Let b be a(4). List the prime factors of 3 - (b/d + -24).
3
Suppose 7*t - 294 = 273. Suppose 5*h = -x + 357, t = h - x + 6*x. What are the prime factors of h?
71
Let x = 18 - -2. Let q = x + 8. What are the prime factors of q?
2, 7
Suppose -16*r + 9*r + 42 = 0. Let y(z) = 5*z**2 - 3*z - 21. Let p(x) = -11*x**2 + 7*x + 43. Let d(q) = -6*p(q) - 13*y(q). List the prime factors of d(r).
3, 11
Let g(z) = z**3 - 2*z**2 - 3*z + 2. Let r be g(3). Suppose r*m + 1 = 9. Let a(b) = 2*b**3 - 5*b**2 + b - 4. List the prime factors of a(m).
2, 3
Suppose 5*q = 2*c + 4721, 0 = -0*q - 5*q - c + 4727. What are the prime factors of q?
3, 5, 7
Suppose -8*y + 6*y = -24. Let g(i) = i**3 - 12*i**2 + i - 16. Let s be g(y). What are the prime factors of (-22)/s - (-6)/4?
7
Suppose -6 = -2*o + 5*o. List the prime factors of 3944/51 + o/(-3).
2, 3, 13
What are the prime factors of (-4 - 3)/(4/(-568))?
2, 7, 71
List the prime factors of (-1)/((1/27)/(465/(-9))).
3, 5, 31
Suppose 10*l - 22 = 11*l. Let m = -7 - l. What are the prime factors of m?
3, 5
Suppose 140 = -2*r - 2*r. Let s(p) = -39*p - 11. Let f be s(-2). Let g = f + r. What are the prime factors of g?
2
Suppose t = -4*v - 142 + 41, 0 = 4*t + 3*v + 443. Let x = t - -186. What are the prime factors of x?
73
Let d = 797 - 352. What are the prime factors of d?
5, 89
Let d(b) = b**3 - 11*b**2 - 8*b + 70. List the prime factors of d(17).
2, 3, 139
Suppose 5*d = m + 5, -3*d + 2*m - 15 = 5*m. List the prime factors of (-141)/(-12)*(12 - d)/3.
47
Suppose -2*r = i - 1049, r + 4*r - 4*i = 2590. What are the prime factors of r/72*7*4?
7, 29
Suppose -75 = 3*h - 2*h + b, 0 = -2*h + 2*b - 134. Let g = h + 138. List the prime factors of g.
67
Suppose p = 6*p - 4*s + 6, 3*p + 2*s - 14 = 0. Suppose 3*b = -p*f - 0*f + 5, -2*b - 3*f = 5. List the prime factors of b.
5
Let q = 14 + -24. What are the prime factors of (172/q)/(34/(-85))?
43
Let b(w) = w + 25. Let c be b(0). Let l = 117 - c. What are the prime factors of l?
2, 23
Suppose -2*a = 2*a - 8. Suppose 0*w - a = -w + 5*v, 4*w - 2*v - 44 = 0. Let c = -9 + w. What are the prime factors of c?
3
Let k = 61 - 21. Let n = 42 - k. List the prime factors of n.
2
Let t(r) = 1612*r - 252. List the prime factors of t(4).
2, 1549
Suppose -7 = -2*k - 1. Suppose k - 18 = -5*m. List the prime factors of 8 + (-6)/m + 4.
2, 5
Let q(n) = -46*n - 3 + 1 - 10 - 19*n. What are the prime factors of q(-1)?
53
Let z = 897 - -602. List the prime factors of z.
1499
Let h = -350 + 492. What are the prime factors of h?
2, 71
Suppose 2*y - 205 = x, 404 = 4*y - 8*x + 4*x. Let w = 376 - y. List the prime factors of w.
2, 17
Let x be 4/(-14) - 2256/(-7). Suppose -82 = 4*i - x. List the prime factors of (3/(-6) + 1)*i.
2, 3, 5
Let v be (4 - (-2 - 238)) + -3. Suppose -5*y + r = -v, -2*y + 0*y = r - 102. List the prime factors of y.
7
Suppose -3*p = p + 3*q - 1024, 5*p - 2*q - 1303 = 0. Suppose -2*t = 5*j - 0*j - 85, 5*t - 3*j = p. What are the prime factors of t?
2, 5
Suppose -3*w - s = -2012, -4*w = -7*w + 4*s + 2032. Suppose 2*m + w = 9*m. List the prime factors of m.
2, 3
Suppose 62*o + 848 = 70*o. List the prime factors of o.
2, 53
Let o = 515 - 239. What are the prime factors of o?
2, 3, 23
Suppose 5*u = o + 2083 - 787, 3*o = -4*u + 1033. What are the prime factors of u?
7, 37
Suppose 3*b - 8*b - 100 = 0. Let i = 6 - b. What are the prime factors of i?
2, 13
Let t(a) be the first derivative of 2*a**3 - 17*a**2/2 + 15*a + 7. What are the prime factors of t(6)?
3, 43
Let u(j) = 2*j**2 - 4*j. List the prime factors of u(-5).
2, 5, 7
List the prime factors of (-6982)/1*3/(-6).
3491
Let f(g) = 4*g + 2 - 4*g - 3*g + 0*g. What are the prime factors of f(-11)?
5, 7
Let w be (-4)/(-1)*(-3073)/(-28). Suppose b = 1, -5*q - 37 + w = -3*b. List the prime factors of q.
3
Let f(g) = 9*g**3 - g - 7*g**2 - g**2 + 10*g**2. Let i be f(1). Let n = 10 + i. What are the prime factors of n?
2, 5
List the prime factors of 85256/44 + 8 + 252/(-33).
2, 3, 17, 19
Suppose 2*d + 103 = 19. List the prime factors of (1288/d)/((-4)/6).
2, 23
Suppose 0 = -i - 1 + 13. Let c = 17 - i. Let h = 25 - c. List the prime factors of h.
2, 5
Let a(s) = s**3 + 14*s**2 + 14*s - 4. Let u be a(-13). Let c = u + 74. List the prime factors of c.
3, 19
Suppose 0 = -5*s + 2*s + 9, 426 = 3*u + s. Suppose -4*h - 111 = -4*b - 3*h, -4*b = 5*h - u. What are the prime factors of b?
29
Let a be 6/(-36) + (-142)/12. Let y be (-25)/3*a/10. Suppose -4*i - 182 = -5*h + y, -4*i = -4*h + 156. What are the prime factors of h?
2, 3
Let a = 0 - -16. Suppose 2*h + a + 60 = 0. Let g = h - -112. What are the prime factors of g?
2, 37
Let n(r) be the second derivative of 38*r**3/3 - r**2/2 + 11*r. What are the prime factors of n(1)?
3, 5
What are the prime factors of ((-174)/(-5))/(207/1380)?
2, 29
Let y(i) = i**3 - 9*i**2 + 7*i + 1. Let w be y(8). Let n be (-2 + (4 - -1))*w. List the prime factors of (-93)/(-7) + 6/n.
13
Suppose 0 = -2*o - 3 - 11. List the prime factors of 0 + -1 + (-420)/o.
59
List the prime factors of 6/(-7)*(126 + -3535).
2, 3, 487
What are the prime factors of (339/9)/((-10)/15)*-14?
7, 113
Let y be (1 - 0)/(3/12). Suppose 4*i - 3*r = 6, 0 = -y*i - r - 2 - 0. What are the prime factors of i + 3 - -1 - -18?
2, 11
Let p = 598 + -86. What are the prime factors of p?
2
Suppose 5*s + 10511 = 2*v, 170*v - 173*v + 15809 = s. List the prime factors of v.
2, 3, 439
Suppose -26 = -q - 23. Suppose -5*n - 5*b = -6*b - 1199, -q*n = -4*b - 733. List the p